0?
5
Let t = -261 - -320. What is the greatest common factor of 649 and t?
59
Let u be 0 - (-2 + 5 + -4). Let n(s) = s**3 + 3*s**2 + 1. Let i be n(-3). What is the greatest common factor of i and u?
1
Let z = -40 - -56. Let t = z - 14. Suppose -3*l + t*p + 31 + 33 = 0, 2*l - 3*p = 51. What is the greatest common divisor of l and 126?
18
Suppose g + g + 4 = 0. Let i = g - -15. Suppose -5*z + 455 = 5*c, -11*z - 2*c - 455 = -16*z. Calculate the highest common factor of i and z.
13
Let r = 2862 - 2777. Calculate the greatest common divisor of r and 4930.
85
Let l(b) be the second derivative of 2*b**3 + 9*b**2/2 + 15*b. Let q be l(3). What is the greatest common divisor of 18 and q?
9
Let c be 5 + (-4)/4 - (-9 + 0). Suppose 0 = 2*v + v - 195. What is the greatest common divisor of v and c?
13
Suppose 2*c - 29 = -1. Suppose 0 = -c*r + 15*r - 20. Calculate the greatest common factor of r and 4.
4
Let g(p) = 9*p**3 - 4 + 3*p**2 + 9*p - 4*p**2 - 3*p**2 - 2*p. Let m be g(2). Calculate the greatest common factor of m and 6.
6
Let c(k) = k**3 + 5*k**2 + 3*k + 18. Let h be c(-5). What is the highest common factor of 69 and h?
3
Let p be (-30)/255 - 1636/(-34). What is the greatest common factor of 132 and p?
12
Let l be -2 + -8 + 4 + 44. Calculate the highest common factor of l and 95.
19
Suppose 0*f = 3*f - 5*l + 5, -3*f + 3*l = 3. Suppose 2*j + 0*j - 58 = f. Calculate the highest common divisor of 232 and j.
29
Suppose -3*s - 10 = -c, 0 = -4*s - 4*c - c - 45. Let p = s - -6. Let w be p*3 + (5 - 7). What is the highest common factor of 5 and w?
1
Let r = -42 + 81. Let x(s) = s + 4. Let w be x(9). Calculate the highest common divisor of w and r.
13
Let g = -512 - -537. Calculate the highest common factor of 20 and g.
5
Let c be 25085/174 - (33/(-18) - -2). Calculate the greatest common divisor of c and 112.
16
Let t(k) = 7*k + 5 + 5*k - 5*k. Suppose -6*y + 216 - 186 = 0. Let c be t(y). Calculate the greatest common factor of 5 and c.
5
Let f be 2*2*(-1148)/(-328). Let j be (-42)/(-4) - (-1)/(-2). Let a = 17 - j. What is the greatest common divisor of f and a?
7
Suppose 21*p = 14*p + 35. What is the greatest common divisor of p and 160?
5
Suppose -n = 4*c + n - 50, -3*c - 2*n + 36 = 0. Suppose 9*z + c = 11*z. Calculate the highest common factor of z and 63.
7
Suppose 0 = 3*v - u - 808, 0 = -v + 4*u - 29 + 313. Let o be v/7 - 28/98. Calculate the greatest common divisor of o and 38.
38
Suppose 0 = -5*r + 5*i - 90, -r - 3*i - 8 = 10. Let c be (-5)/((-30)/27)*(-120)/r. Calculate the highest common factor of 5 and c.
5
Suppose 4*t - 49 = -3*b, 23 + 61 = 3*b - 3*t. Suppose 2*h = 3*l - 343, -2*l + 2*h - 5*h = -233. What is the greatest common divisor of l and b?
23
Let l(t) = t**3 - 6*t**2 - 31*t - 22. Let r be l(10). Calculate the highest common divisor of 204 and r.
68
Let h(g) = -g + 1. Let p be h(-1). Let r(z) = z + 1. Let t be r(p). Suppose -k = k - t*f - 40, -k = -f - 21. Calculate the greatest common divisor of 46 and k.
23
Let n(o) = -o**3 + o**2 + 14*o + 4096. Let z be n(0). Calculate the highest common divisor of 64 and z.
64
Suppose -19 = -2*f - 17, -w = 5*f - 15. Calculate the greatest common factor of 1000 and w.
10
Suppose -5*l - 30 = -t, -5*l = -3*t - 2*l + 138. Suppose 25*n = 20*n + t. What is the greatest common divisor of 4 and n?
2
Let q(f) = f**2 - f - 7. Let s be q(4). Suppose 0 = -s*h - 15. Let n = h - -17. What is the highest common factor of 21 and n?
7
Let m be 2/(-8) + 203/28. Suppose -7*g = 6 - 55. What is the highest common divisor of g and m?
7
Suppose -n - 1 = -6, 0 = 5*b + 2*n - 8535. What is the highest common factor of 55 and b?
55
Suppose -104 = -3*n - 5*c - 6, -4*c - 102 = -2*n. Let i = n - -190. Calculate the highest common divisor of i and 21.
21
Suppose -3*p + 11 - 2 = 2*f, -15 = -5*p - 3*f. Suppose -88 = -5*d - 18. Let a = d + 19. Calculate the highest common factor of a and p.
3
Let m(f) = 35*f - 8. Let s be m(1). Suppose 37 = a + s. Suppose 62 + 78 = 2*l. What is the highest common divisor of a and l?
10
Let x be (-6622)/(-14) - (2 - (3 - 1)). Calculate the highest common factor of x and 11.
11
Let b = 23 - 19. Suppose -b*s - f - 22 = -5*s, 3*s - 78 = -f. Calculate the highest common divisor of 5 and s.
5
Suppose 0 = 5*b - 2*r - 1827, b - 2*r + 4*r - 375 = 0. Let x = b + -215. Suppose -5*d - 39 + 134 = 0. What is the highest common divisor of d and x?
19
Let j(b) = -32*b**3 - 22*b**2 - 18*b + 2. Let g be j(-1). Let y(v) = -v**3 + 4*v**2 + 6*v + 5. Let f be y(5). What is the highest common divisor of g and f?
10
Suppose -6*q = 23 - 29. What is the highest common factor of 71 and q?
1
Suppose 2*c + 2*q - 18 = 0, q + 13 = 5*c - 2. Suppose -c*f - 2*j + 206 - 60 = 0, -19 = -f - 4*j. Calculate the greatest common factor of 52 and f.
13
Let l = 241 + -216. Suppose -2*b = -30 - 20. What is the highest common factor of l and b?
25
Let k be (11 - 1)*(-16 + 22). Suppose -4*c + k = 2*c. Calculate the greatest common divisor of 50 and c.
10
Let r(m) = -7*m**3 - 4*m - 11. Let w be r(-3). Calculate the highest common divisor of w and 38.
38
Let z = 808 + 297. Calculate the highest common divisor of z and 65.
65
Let p be ((-4)/(-10))/((-2)/(-30)). Let o be 12/(-54)*-9*2. Calculate the greatest common factor of p and o.
2
Let i = 28 + -7. Let y be (392/i)/((-1)/(-9)). Calculate the greatest common factor of 21 and y.
21
Let r(z) = z**2 + 9 + 4 - 16*z + 2. Let i be r(15). Suppose 5*h + i*h = 85. What is the highest common factor of 153 and h?
17
Let k be ((-32)/(-48))/(2/(-2448)*-2). What is the highest common factor of 24 and k?
24
Let k be 18 + -15 + 0 + 3. Let a be 60/(-45)*k/(-8). What is the greatest common factor of 7 and a?
1
Suppose 0 = -8*b - 389 + 685. Calculate the highest common factor of b and 666.
37
Suppose -16630 = -18*q + 1802. Calculate the greatest common divisor of q and 64.
64
Suppose 107 = k - 4*v - v, -451 = -4*k - 3*v. Calculate the greatest common factor of 7 and k.
7
Let z = -4744 + 4756. Let r = 146 + -62. What is the highest common divisor of z and r?
12
Let g = -2617 - -3750. Let i = -158 + g. Let h be (64/(-10))/((-30)/i). What is the highest common divisor of h and 26?
26
Let a be (4/(-5))/(6/(-15)). Let m = 2354 + -2353. What is the highest common divisor of a and m?
1
Suppose 121*q = 164*q - 2107. Calculate the highest common divisor of 1 and q.
1
Let c(m) = m**3 + m**2 - 2*m - 1. Let n be c(2). Let g be (-8 - -6) + -1 + n. Calculate the highest common factor of 36 and g.
4
Let x(c) = -c**3 - 42*c**2 - 44*c - 114. Let n be x(-41). Let f = 93 + 24. What is the greatest common factor of f and n?
9
Let j be 121 - 2 - (2 + -3). Let x = -48 + j. Calculate the highest common divisor of 9 and x.
9
Let f be 8/(-6)*765/30. Let j be 17/(2 - f/(-6) - -4). Calculate the highest common factor of 34 and j.
17
Let y be 8636/272 - (-10)/8. Calculate the highest common factor of y and 2.
1
Let s = 15 - 11. Let n be (4 - 5)/((-1)/s). Suppose 3*p - 5*p - 5*o + 8 = 0, n*o - 1 = -p. Calculate the greatest common factor of p and 72.
9
Suppose -3*y = -0*y + 6. Let h(k) be the second derivative of -5*k**3/6 + k**2 - 9*k - 2. Let l be h(y). Calculate the greatest common divisor of 60 and l.
12
Let d(l) = -4*l**3 - 3*l**2 - 7*l - 4. Let a be d(-1). What is the greatest common divisor of 244 and a?
4
Let o be (3 + -1)/(16/776). Suppose -253 - o = -7*a. Calculate the highest common divisor of a and 30.
10
Let i be (-7)/(-21) + (-40)/(-6). Calculate the greatest common factor of i and 175.
7
Let x be -3 + -34 + (-12)/4. Let m = x - -85. What is the greatest common factor of 15 and m?
15
Suppose -w - 238 = -5*f, 4*f - 190 = 4*w - 3*w. Suppose 2*i - f = -i. Let k be 423/12 - (-12)/i. What is the greatest common divisor of k and 12?
12
Suppose 12 = -7*n + 33. Suppose 0 = -5*x - 5, z + 3*z - n*x - 55 = 0. Suppose -z*r - 85 = -18*r. What is the highest common factor of r and 187?
17
Let l be 1154/4 - (-1)/(-2). Suppose -3*z + 5*q + 118 = 0, z - 46 = -62*q + 67*q. What is the greatest common factor of z and l?
36
Let d(g) = -g**2 + 7*g - 5. Suppose -5*u + 3*u + 8 = 0. Let r be d(u). Calculate the highest common divisor of r and 21.
7
Suppose 11*d = -43 + 747. Calculate the greatest common divisor of 64 and d.
64
Let o be 63/15*(-80)/(-4)